{"id":212,"date":"2022-08-03T18:01:35","date_gmt":"2022-08-03T16:01:35","guid":{"rendered":"https:\/\/pracowniaxbit.pl\/site1\/?page_id=212"},"modified":"2023-01-02T13:14:28","modified_gmt":"2023-01-02T12:14:28","slug":"kontakt","status":"publish","type":"page","link":"https:\/\/pracowniaxbit.pl\/site1\/kontakt\/","title":{"rendered":"Kontakt"},"content":{"rendered":"\n<div class=\"is-layout-flex wp-container-2 wp-block-columns\">\n<div class=\"is-layout-flow wp-block-column\" style=\"flex-basis:33.33%\">\n<p><strong>Zadzwo\u0144 do nas:<\/strong><\/p>\n\n\n<p class='wp-call-button-block-button'><a class='wp-call-button-in-btn' href='tel:+48222304052' style='' ><svg x=\"0px\" y=\"0px\" width=\"459px\" height=\"459px\" viewBox=\"0 0 459 459\">\n\t\t\t\t<path\n\t\t\t\t\td=\"M91.8,198.9c35.7,71.4,96.9,130.05,168.3,168.3L316.2,311.1c7.649-7.649,17.85-10.199,25.5-5.1c28.05,10.2,58.649,15.3,91.8,15.3c15.3,0,25.5,10.2,25.5,25.5v86.7c0,15.3-10.2,25.5-25.5,25.5C193.8,459,0,265.2,0,25.5C0,10.2,10.2,0,25.5,0h89.25c15.3,0,25.5,10.2,25.5,25.5c0,30.6,5.1,61.2,15.3,91.8c2.55,7.65,0,17.85-5.1,25.5L91.8,198.9z\"\n\t\t\t\t\/>\n\t\t\t<\/svg> 22-230-40-52<\/a><\/p><\/div>\n<\/div>\n\n\n\n<p>lub: +48-459-566-930<\/p>\n\n\n\n<p><strong>Napisz do nas:<\/strong><\/p>\n\n\n<div class=\"wpforms-container wpforms-container-full\" id=\"wpforms-218\"><form id=\"wpforms-form-218\" class=\"wpforms-validate wpforms-form wpforms-ajax-form\" data-formid=\"218\" method=\"post\" enctype=\"multipart\/form-data\" action=\"\/site1\/wp-json\/wp\/v2\/pages\/212\" data-token=\"13dddcbe4c246953e2473258aa58e7a7\"><noscript class=\"wpforms-error-noscript\">Please enable JavaScript in your browser to complete this form.<\/noscript><div class=\"wpforms-field-container\"><div id=\"wpforms-218-field_0-container\" class=\"wpforms-field wpforms-field-name\" data-field-id=\"0\"><label class=\"wpforms-field-label\" for=\"wpforms-218-field_0\">Imi\u0119 <span class=\"wpforms-required-label\">*<\/span><\/label><input type=\"text\" id=\"wpforms-218-field_0\" class=\"wpforms-field-medium wpforms-field-required\" name=\"wpforms[fields][0]\" required><\/div><div id=\"wpforms-218-field_1-container\" class=\"wpforms-field wpforms-field-email\" data-field-id=\"1\"><label class=\"wpforms-field-label\" for=\"wpforms-218-field_1\">Email <span class=\"wpforms-required-label\">*<\/span><\/label><input type=\"email\" id=\"wpforms-218-field_1\" class=\"wpforms-field-medium wpforms-field-required\" name=\"wpforms[fields][1]\" required><\/div><div id=\"wpforms-218-field_2-container\" class=\"wpforms-field wpforms-field-textarea\" data-field-id=\"2\"><label class=\"wpforms-field-label\" for=\"wpforms-218-field_2\">Tre\u015b\u0107 wiadomo\u015bci<\/label><textarea id=\"wpforms-218-field_2\" class=\"wpforms-field-medium\" name=\"wpforms[fields][2]\" ><\/textarea><\/div><\/div><div class=\"wpforms-recaptcha-container wpforms-is-hcaptcha\"><div class=\"g-recaptcha\" data-sitekey=\"2f026bc2-f883-4953-810d-672682f3dd36\"><\/div><input type=\"text\" name=\"g-recaptcha-hidden\" class=\"wpforms-recaptcha-hidden\" style=\"position:absolute!important;clip:rect(0,0,0,0)!important;height:1px!important;width:1px!important;border:0!important;overflow:hidden!important;padding:0!important;margin:0!important;\" required><\/div><div class=\"wpforms-submit-container\"><input type=\"hidden\" name=\"wpforms[id]\" value=\"218\"><input type=\"hidden\" name=\"wpforms[author]\" value=\"1\"><button type=\"submit\" name=\"wpforms[submit]\" id=\"wpforms-submit-218\" class=\"wpforms-submit\" data-alt-text=\"Wysy\u0142am...\" data-submit-text=\"Wy\u015blij\" aria-live=\"assertive\" value=\"wpforms-submit\">Wy\u015blij<\/button><img src=\"https:\/\/pracowniaxbit.pl\/site1\/wp-content\/plugins\/wpforms-lite\/assets\/images\/submit-spin.svg\" class=\"wpforms-submit-spinner\" style=\"display: none;\" width=\"26\" height=\"26\" alt=\"Loading\"><\/div><\/form><\/div>  <!-- .wpforms-container -->\n\n\n<hr class=\"wp-block-separator has-alpha-channel-opacity\"\/>\n\n\n\n<p><strong>Zapraszamy do naszego biura:<\/strong><\/p>\n\n\n\n<p>ul. Krakowska 14a,<\/p>\n\n\n\n<p>05-120 Legionowo<\/p>\n\n\n\n<p><a href=\"http:\/\/pracowniaxbit.pl\/site1\/lokalizacja\/\" data-type=\"URL\" data-id=\"http:\/\/pracowniaxbit.pl\/site1\/lokalizacja\/\">Mapa i Lokalizacja<\/a><\/p>\n","protected":false},"excerpt":{"rendered":"<p>Zadzwo\u0144 do nas: lub: +48-459-566-930 Napisz do nas: Zapraszamy do naszego biura: [&hellip;]<\/p>\n","protected":false},"author":1,"featured_media":0,"parent":0,"menu_order":5,"comment_status":"closed","ping_status":"closed","template":"","meta":{"om_disable_all_campaigns":false,"_mi_skip_tracking":false},"aioseo_notices":[],"_links":{"self":[{"href":"https:\/\/pracowniaxbit.pl\/site1\/wp-json\/wp\/v2\/pages\/212"}],"collection":[{"href":"https:\/\/pracowniaxbit.pl\/site1\/wp-json\/wp\/v2\/pages"}],"about":[{"href":"https:\/\/pracowniaxbit.pl\/site1\/wp-json\/wp\/v2\/types\/page"}],"author":[{"embeddable":true,"href":"https:\/\/pracowniaxbit.pl\/site1\/wp-json\/wp\/v2\/users\/1"}],"replies":[{"embeddable":true,"href":"https:\/\/pracowniaxbit.pl\/site1\/wp-json\/wp\/v2\/comments?post=212"}],"version-history":[{"count":23,"href":"https:\/\/pracowniaxbit.pl\/site1\/wp-json\/wp\/v2\/pages\/212\/revisions"}],"predecessor-version":[{"id":537,"href":"https:\/\/pracowniaxbit.pl\/site1\/wp-json\/wp\/v2\/pages\/212\/revisions\/537"}],"wp:attachment":[{"href":"https:\/\/pracowniaxbit.pl\/site1\/wp-json\/wp\/v2\/media?parent=212"}],"curies":[{"name":"wp","href":"https:\/\/api.w.org\/{rel}","templated":true}]}}